{"id":878,"date":"2020-10-08T17:24:45","date_gmt":"2020-10-08T17:24:45","guid":{"rendered":"https:\/\/envinor.com\/teste\/?page_id=878"},"modified":"2020-11-18T18:24:07","modified_gmt":"2020-11-18T18:24:07","slug":"quem-somos","status":"publish","type":"page","link":"https:\/\/envinor.com\/?page_id=878","title":{"rendered":"Quem Somos"},"content":{"rendered":"<div class=\"wpb-content-wrapper\"><p>[vc_row][vc_column width=&#8221;1\/2&#8243;][vc_single_image image=&#8221;879&#8243; img_size=&#8221;full&#8221; alignment=&#8221;center&#8221;][\/vc_column][vc_column width=&#8221;1\/2&#8243;][vc_empty_space height=&#8221;20&#8243;]<h2 class='heading-content  divider-modern' ><span>A ENVINOR<\/span><\/h2>[vc_column_text]<\/p>\n<div class=\"wpb_text_column wpb_content_element \">\n<div class=\"wpb_wrapper\">\n<p>A\u00a0ENVINOR \u2013 Empresa de Vidros do Norte, Lda., fundada em 1995 na\u00a0Zona Industrial da Maia, dedica-se ao com\u00e9rcio e coloca\u00e7\u00e3o de todos os tipos de\u00a0vidros, espelhos e acess\u00f3rios relacionados.<\/p>\n<p>Oferecemos uma vasta gama de produtos e servi\u00e7os, a pre\u00e7os imbat\u00edveis e com uma qualidade superior a que os nossos clientes j\u00e1 est\u00e3o habituados. Especializamo-nos em criar solu\u00e7\u00f5es em vidro esteticamente apelativas, mais eficientes, mais sustent\u00e1veis e 100% personalizadas para a sua casa, escrit\u00f3rio ou \u00e1rea comercial. Conhe\u00e7a toda a nossa oferta <a href=\"https:\/\/envinor.com\/o-que-fazemos\/\">AQUI<\/a>.<\/p>\n<p>Colocamos ao seu dispor 25 anos de experi\u00eancia, acompanhando o seu projeto desde o conceito inicial e dando o nosso aconselhamento t\u00e9cnico para conceber a solu\u00e7\u00e3o em vidro ideal para cada espa\u00e7o. Venha j\u00e1 conhecer-nos ou fale connosco <a href=\"https:\/\/envinor.com\/contacte-nos\/\">AQUI<\/a>.<\/p>\n<\/div>\n<\/div>\n<p>[\/vc_column_text][\/vc_column][\/vc_row][vc_row][vc_column][vc_empty_space height=&#8221;100&#8243;][\/vc_column][\/vc_row][vc_row][vc_column width=&#8221;1\/2&#8243;][vc_empty_space height=&#8221;100&#8243;]<h2 class='heading-content  divider-modern' ><span>Inova\u00e7\u00e3o<\/span><\/h2>[vc_column_text]<\/p>\n<div class=\"wpb_text_column wpb_content_element \">\n<div class=\"wpb_wrapper\">\n<div class=\"wpb_text_column wpb_content_element \">\n<div class=\"wpb_wrapper\">\n<p>A Envinor possui a mais recente tecnologia utilizada na transforma\u00e7\u00e3o de vidro:<\/p>\n<ul>\n<li>Corte autom\u00e1tico de vidro monol\u00edtico<\/li>\n<li>CNC<\/li>\n<li>Arestadoras e canteadoras autom\u00e1ticas<\/li>\n<li>Linha autom\u00e1tica de vidro duplo<\/li>\n<li>Forno de t\u00eampera de \u00faltima gera\u00e7\u00e3o.<\/li>\n<\/ul>\n<\/div>\n<\/div>\n<\/div>\n<\/div>\n<p>[\/vc_column_text][\/vc_column][vc_column width=&#8221;1\/2&#8243;][vc_single_image image=&#8221;845&#8243; img_size=&#8221;full&#8221; alignment=&#8221;center&#8221;][\/vc_column][\/vc_row][vc_row][vc_column][vc_empty_space height=&#8221;100px&#8221;][\/vc_column][\/vc_row][vc_row][vc_column width=&#8221;1\/3&#8243;]<div class=\"icon-m icon-m--style-1\"><div class=\"icon-m__header\"><div class=\"icon-m__media\" style=\"color:#0a4c88;background-color:#ffffff;\"><i class=\"fas fa-bullseye\"><\/i><\/div><div class=\"icon-m__title\">MISS\u00c3O<\/div><\/div><div class=\"icon-m__text\"><br \/>\nDar asas aos projetos dos nossos Clientes, disponibilizando a nossa experi\u00eancia e know-how para conceber a solu\u00e7\u00e3o em vidro ideal para cada espa\u00e7o.<br \/>\n<\/div><\/div>[\/vc_column][vc_column width=&#8221;1\/3&#8243;]<div class=\"icon-m icon-m--style-1\"><div class=\"icon-m__header\"><div class=\"icon-m__media\" style=\"color:#0a4c88;background-color:#ffffff;\"><i class=\"far fa-eye\"><\/i><\/div><div class=\"icon-m__title\">VIS\u00c3O<\/div><\/div><div class=\"icon-m__text\"><br \/>\nCriar um mundo mais transparente \u2013 usar o vidro para desenvolver solu\u00e7\u00f5es esteticamente apelativas, mais eficientes e mais sustent\u00e1veis.<br \/>\n<\/div><\/div>[\/vc_column][vc_column width=&#8221;1\/3&#8243;]<div class=\"icon-m icon-m--style-1\"><div class=\"icon-m__header\"><div class=\"icon-m__media\" style=\"color:#0a4c88;background-color:#ffffff;\"><i class=\"far fa-handshake\"><\/i><\/div><div class=\"icon-m__title\">VALORES<\/div><\/div><div class=\"icon-m__text\"><br \/>\nInova\u00e7\u00e3o<br \/>\nQualidade e Excel\u00eancia<br \/>\nTranspar\u00eancia e Honestidade<br \/>\nResponsabilidade Social e Ambiental<\/p>\n<p><\/div><\/div>[\/vc_column][\/vc_row]<\/p>\n<\/div>","protected":false},"excerpt":{"rendered":"<p>[vc_row][vc_column width=&#8221;1\/2&#8243;][vc_single_image image=&#8221;879&#8243; img_size=&#8221;full&#8221; alignment=&#8221;center&#8221;][\/vc_column][vc_column width=&#8221;1\/2&#8243;][vc_empty_space height=&#8221;20&#8243;][vc_column_text] A\u00a0ENVINOR \u2013 Empresa de Vidros do Norte, Lda., fundada em 1995 na\u00a0Zona Industrial da Maia, dedica-se ao com\u00e9rcio e coloca\u00e7\u00e3o de todos os tipos de\u00a0vidros, espelhos e acess\u00f3rios relacionados. Oferecemos uma vasta gama&#8230;<\/p>\n","protected":false},"author":1,"featured_media":1234,"parent":0,"menu_order":0,"comment_status":"open","ping_status":"open","template":"","meta":{"footnotes":""},"class_list":["post-878","page","type-page","status-publish","has-post-thumbnail","hentry"],"yoast_head":"<!-- This site is optimized with the Yoast SEO plugin v25.3.1 - https:\/\/yoast.com\/wordpress\/plugins\/seo\/ -->\n<title>Quem Somos - Envinor - Solu\u00e7\u00f5es em vidro para os seus projetos<\/title>\n<meta name=\"description\" content=\"Quem Somos - A envinor oferece uma vasta gama de produtos e servi\u00e7os, a pre\u00e7os imbat\u00edveis e com uma qualidade superior.\" \/>\n<meta name=\"robots\" content=\"index, follow, max-snippet:-1, max-image-preview:large, max-video-preview:-1\" \/>\n<link rel=\"canonical\" href=\"https:\/\/envinor.com\/?page_id=878\" \/>\n<meta property=\"og:locale\" content=\"pt_PT\" \/>\n<meta property=\"og:type\" content=\"article\" \/>\n<meta property=\"og:title\" content=\"Quem Somos - Envinor - Solu\u00e7\u00f5es em vidro para os seus projetos\" \/>\n<meta property=\"og:description\" content=\"Quem Somos - A envinor oferece uma vasta gama de produtos e servi\u00e7os, a pre\u00e7os imbat\u00edveis e com uma qualidade superior.\" \/>\n<meta property=\"og:url\" content=\"https:\/\/envinor.com\/?page_id=878\" \/>\n<meta property=\"og:site_name\" content=\"Envinor\" \/>\n<meta property=\"article:modified_time\" content=\"2020-11-18T18:24:07+00:00\" \/>\n<meta property=\"og:image\" content=\"https:\/\/envinor.com\/wp-content\/uploads\/2020\/11\/glass-building-25-2.jpg\" \/>\n\t<meta property=\"og:image:width\" content=\"1920\" \/>\n\t<meta property=\"og:image:height\" content=\"1080\" \/>\n\t<meta property=\"og:image:type\" content=\"image\/jpeg\" \/>\n<meta name=\"twitter:card\" content=\"summary_large_image\" \/>\n<meta name=\"twitter:label1\" content=\"Tempo estimado de leitura\" \/>\n\t<meta name=\"twitter:data1\" content=\"2 minutos\" \/>\n<script type=\"application\/ld+json\" class=\"yoast-schema-graph\">{\"@context\":\"https:\/\/schema.org\",\"@graph\":[{\"@type\":\"WebPage\",\"@id\":\"https:\/\/envinor.com\/?page_id=878\",\"url\":\"https:\/\/envinor.com\/?page_id=878\",\"name\":\"Quem Somos - Envinor - Solu\u00e7\u00f5es em vidro para os seus projetos\",\"isPartOf\":{\"@id\":\"https:\/\/envinor.com\/#website\"},\"primaryImageOfPage\":{\"@id\":\"https:\/\/envinor.com\/?page_id=878#primaryimage\"},\"image\":{\"@id\":\"https:\/\/envinor.com\/?page_id=878#primaryimage\"},\"thumbnailUrl\":\"https:\/\/envinor.com\/wp-content\/uploads\/2020\/11\/glass-building-25-2.jpg\",\"datePublished\":\"2020-10-08T17:24:45+00:00\",\"dateModified\":\"2020-11-18T18:24:07+00:00\",\"description\":\"Quem Somos - A envinor oferece uma vasta gama de produtos e servi\u00e7os, a pre\u00e7os imbat\u00edveis e com uma qualidade superior.\",\"breadcrumb\":{\"@id\":\"https:\/\/envinor.com\/?page_id=878#breadcrumb\"},\"inLanguage\":\"pt-PT\",\"potentialAction\":[{\"@type\":\"ReadAction\",\"target\":[\"https:\/\/envinor.com\/?page_id=878\"]}]},{\"@type\":\"ImageObject\",\"inLanguage\":\"pt-PT\",\"@id\":\"https:\/\/envinor.com\/?page_id=878#primaryimage\",\"url\":\"https:\/\/envinor.com\/wp-content\/uploads\/2020\/11\/glass-building-25-2.jpg\",\"contentUrl\":\"https:\/\/envinor.com\/wp-content\/uploads\/2020\/11\/glass-building-25-2.jpg\",\"width\":1920,\"height\":1080,\"caption\":\"Envinor -Solu\u00e7\u00f5es em vidro para os seus projetos -\"},{\"@type\":\"BreadcrumbList\",\"@id\":\"https:\/\/envinor.com\/?page_id=878#breadcrumb\",\"itemListElement\":[{\"@type\":\"ListItem\",\"position\":1,\"name\":\"In\u00edcio\",\"item\":\"https:\/\/envinor.com\/\"},{\"@type\":\"ListItem\",\"position\":2,\"name\":\"Quem Somos\"}]},{\"@type\":\"WebSite\",\"@id\":\"https:\/\/envinor.com\/#website\",\"url\":\"https:\/\/envinor.com\/\",\"name\":\"Envinor\",\"description\":\"Empresa de Vidros do Norte\",\"potentialAction\":[{\"@type\":\"SearchAction\",\"target\":{\"@type\":\"EntryPoint\",\"urlTemplate\":\"https:\/\/envinor.com\/?s={search_term_string}\"},\"query-input\":{\"@type\":\"PropertyValueSpecification\",\"valueRequired\":true,\"valueName\":\"search_term_string\"}}],\"inLanguage\":\"pt-PT\"}]}<\/script>\n<!-- \/ Yoast SEO plugin. -->","yoast_head_json":{"title":"Quem Somos - Envinor - Solu\u00e7\u00f5es em vidro para os seus projetos","description":"Quem Somos - A envinor oferece uma vasta gama de produtos e servi\u00e7os, a pre\u00e7os imbat\u00edveis e com uma qualidade superior.","robots":{"index":"index","follow":"follow","max-snippet":"max-snippet:-1","max-image-preview":"max-image-preview:large","max-video-preview":"max-video-preview:-1"},"canonical":"https:\/\/envinor.com\/?page_id=878","og_locale":"pt_PT","og_type":"article","og_title":"Quem Somos - Envinor - Solu\u00e7\u00f5es em vidro para os seus projetos","og_description":"Quem Somos - A envinor oferece uma vasta gama de produtos e servi\u00e7os, a pre\u00e7os imbat\u00edveis e com uma qualidade superior.","og_url":"https:\/\/envinor.com\/?page_id=878","og_site_name":"Envinor","article_modified_time":"2020-11-18T18:24:07+00:00","og_image":[{"width":1920,"height":1080,"url":"https:\/\/envinor.com\/wp-content\/uploads\/2020\/11\/glass-building-25-2.jpg","type":"image\/jpeg"}],"twitter_card":"summary_large_image","twitter_misc":{"Tempo estimado de leitura":"2 minutos"},"schema":{"@context":"https:\/\/schema.org","@graph":[{"@type":"WebPage","@id":"https:\/\/envinor.com\/?page_id=878","url":"https:\/\/envinor.com\/?page_id=878","name":"Quem Somos - Envinor - Solu\u00e7\u00f5es em vidro para os seus projetos","isPartOf":{"@id":"https:\/\/envinor.com\/#website"},"primaryImageOfPage":{"@id":"https:\/\/envinor.com\/?page_id=878#primaryimage"},"image":{"@id":"https:\/\/envinor.com\/?page_id=878#primaryimage"},"thumbnailUrl":"https:\/\/envinor.com\/wp-content\/uploads\/2020\/11\/glass-building-25-2.jpg","datePublished":"2020-10-08T17:24:45+00:00","dateModified":"2020-11-18T18:24:07+00:00","description":"Quem Somos - A envinor oferece uma vasta gama de produtos e servi\u00e7os, a pre\u00e7os imbat\u00edveis e com uma qualidade superior.","breadcrumb":{"@id":"https:\/\/envinor.com\/?page_id=878#breadcrumb"},"inLanguage":"pt-PT","potentialAction":[{"@type":"ReadAction","target":["https:\/\/envinor.com\/?page_id=878"]}]},{"@type":"ImageObject","inLanguage":"pt-PT","@id":"https:\/\/envinor.com\/?page_id=878#primaryimage","url":"https:\/\/envinor.com\/wp-content\/uploads\/2020\/11\/glass-building-25-2.jpg","contentUrl":"https:\/\/envinor.com\/wp-content\/uploads\/2020\/11\/glass-building-25-2.jpg","width":1920,"height":1080,"caption":"Envinor -Solu\u00e7\u00f5es em vidro para os seus projetos -"},{"@type":"BreadcrumbList","@id":"https:\/\/envinor.com\/?page_id=878#breadcrumb","itemListElement":[{"@type":"ListItem","position":1,"name":"In\u00edcio","item":"https:\/\/envinor.com\/"},{"@type":"ListItem","position":2,"name":"Quem Somos"}]},{"@type":"WebSite","@id":"https:\/\/envinor.com\/#website","url":"https:\/\/envinor.com\/","name":"Envinor","description":"Empresa de Vidros do Norte","potentialAction":[{"@type":"SearchAction","target":{"@type":"EntryPoint","urlTemplate":"https:\/\/envinor.com\/?s={search_term_string}"},"query-input":{"@type":"PropertyValueSpecification","valueRequired":true,"valueName":"search_term_string"}}],"inLanguage":"pt-PT"}]}},"_links":{"self":[{"href":"https:\/\/envinor.com\/index.php?rest_route=\/wp\/v2\/pages\/878","targetHints":{"allow":["GET"]}}],"collection":[{"href":"https:\/\/envinor.com\/index.php?rest_route=\/wp\/v2\/pages"}],"about":[{"href":"https:\/\/envinor.com\/index.php?rest_route=\/wp\/v2\/types\/page"}],"author":[{"embeddable":true,"href":"https:\/\/envinor.com\/index.php?rest_route=\/wp\/v2\/users\/1"}],"replies":[{"embeddable":true,"href":"https:\/\/envinor.com\/index.php?rest_route=%2Fwp%2Fv2%2Fcomments&post=878"}],"version-history":[{"count":2,"href":"https:\/\/envinor.com\/index.php?rest_route=\/wp\/v2\/pages\/878\/revisions"}],"predecessor-version":[{"id":1330,"href":"https:\/\/envinor.com\/index.php?rest_route=\/wp\/v2\/pages\/878\/revisions\/1330"}],"wp:featuredmedia":[{"embeddable":true,"href":"https:\/\/envinor.com\/index.php?rest_route=\/wp\/v2\/media\/1234"}],"wp:attachment":[{"href":"https:\/\/envinor.com\/index.php?rest_route=%2Fwp%2Fv2%2Fmedia&parent=878"}],"curies":[{"name":"wp","href":"https:\/\/api.w.org\/{rel}","templated":true}]}}