{"id":873,"date":"2020-10-08T11:16:40","date_gmt":"2020-10-08T11:16:40","guid":{"rendered":"https:\/\/envinor.com\/teste\/?page_id=873"},"modified":"2025-11-05T15:07:09","modified_gmt":"2025-11-05T15:07:09","slug":"contacte-nos","status":"publish","type":"page","link":"https:\/\/envinor.com\/?page_id=873","title":{"rendered":"Contacte-nos"},"content":{"rendered":"<div class=\"wpb-content-wrapper\"><p>[vc_row css=&#8221;.vc_custom_1604680861125{margin-top: 50px !important;padding-bottom: 20px !important;}&#8221;][vc_column width=&#8221;1\/3&#8243;]<h4 class='heading-content  style-1' ><span>MORADA<\/span><\/h4>[vc_empty_space height=&#8221;15px&#8221;][vc_column_text]<\/p>\n<div class=\"wpb_text_column wpb_content_element \">\n<div class=\"wpb_wrapper\">\n<div class=\"cards-text-truncate-and-wrap\">Rua de Raimundo Dur\u00e3es Magalh\u00e3es, 386<br \/>\n4475-189 \u2013 Maia, PORTUGAL<\/div>\n<div><a href=\"https:\/\/g.page\/envinor?share\" target=\"_blank\" rel=\"noopener noreferrer\">VER NO MAPA &gt;<\/a><\/div>\n<\/div>\n<\/div>\n<p>[\/vc_column_text][\/vc_column][vc_column width=&#8221;1\/3&#8243;]<h4 class='heading-content  style-1' ><span>CONTACTOS<\/span><\/h4>[vc_empty_space height=&#8221;15px&#8221;][vc_column_text]Tel: 229 481 932 \u00a0| \u00a0912 542 073 (chamada para rede fixa nacional)<br \/>\nFAX:\u00a0+351 229 442 560<br \/>\nE-mail: <a href=\"mailto:geral@envinor.com\">geral@envinor.com<\/a>[\/vc_column_text][\/vc_column][vc_column width=&#8221;1\/3&#8243; css=&#8221;.vc_custom_1436444356798{margin-top: 10px !important;}&#8221;][vc_column_text]Caso prefira, pode tamb\u00e9m utilizar o formul\u00e1rio abaixo para nos enviar a sua mensagem, \u00e0 qual responderemos com a maior brevidade:[\/vc_column_text][vc_empty_space height=&#8221;25px&#8221;][\/vc_column][\/vc_row][vc_row css=&#8221;.vc_custom_1418807519392{margin-top: 20px !important;}&#8221; has_content=&#8221;true&#8221;][vc_column]<h5 class='heading-content  style-1' ><span>FORMUL\u00c1RIO DE CONTATO<\/span><\/h5>[vc_empty_space height=&#8221;15px&#8221;]\n<div class=\"wpcf7 no-js\" id=\"wpcf7-f452-o1\" lang=\"en-US\" dir=\"ltr\" data-wpcf7-id=\"452\">\n<div class=\"screen-reader-response\"><p role=\"status\" aria-live=\"polite\" aria-atomic=\"true\"><\/p> <ul><\/ul><\/div>\n<form action=\"\/index.php?rest_route=%2Fwp%2Fv2%2Fpages%2F873#wpcf7-f452-o1\" method=\"post\" class=\"wpcf7-form init\" aria-label=\"Contact form\" novalidate=\"novalidate\" data-status=\"init\">\n<fieldset class=\"hidden-fields-container\"><input type=\"hidden\" name=\"_wpcf7\" value=\"452\" \/><input type=\"hidden\" name=\"_wpcf7_version\" value=\"6.1\" \/><input type=\"hidden\" name=\"_wpcf7_locale\" value=\"en_US\" \/><input type=\"hidden\" name=\"_wpcf7_unit_tag\" value=\"wpcf7-f452-o1\" \/><input type=\"hidden\" name=\"_wpcf7_container_post\" value=\"0\" \/><input type=\"hidden\" name=\"_wpcf7_posted_data_hash\" value=\"\" \/>\n<\/fieldset>\n<div class=\"col-sm-5 noleftpadding\">\n\t<p><span class=\"wpcf7-form-control-wrap\" data-name=\"your-name\"><input size=\"40\" maxlength=\"400\" class=\"wpcf7-form-control wpcf7-text wpcf7-validates-as-required\" aria-required=\"true\" aria-invalid=\"false\" placeholder=\"Nome*\" value=\"\" type=\"text\" name=\"your-name\" \/><\/span>\n\t<\/p>\n\t<p><span class=\"wpcf7-form-control-wrap\" data-name=\"your-email\"><input size=\"40\" maxlength=\"400\" class=\"wpcf7-form-control wpcf7-email wpcf7-validates-as-required wpcf7-text wpcf7-validates-as-email\" aria-required=\"true\" aria-invalid=\"false\" placeholder=\"E-mail*\" value=\"\" type=\"email\" name=\"your-email\" \/><\/span>\n\t<\/p>\n\t<p><span class=\"wpcf7-form-control-wrap\" data-name=\"your-area\"><input size=\"40\" maxlength=\"400\" class=\"wpcf7-form-control wpcf7-text\" aria-invalid=\"false\" placeholder=\"Localidade*\" value=\"\" type=\"text\" name=\"your-area\" \/><\/span>\n\t<\/p>\n\t<p><span class=\"wpcf7-form-control-wrap\" data-name=\"quiz-226\"><span class=\"wpcf7-form-control wpcf7-radio\"><span class=\"wpcf7-list-item first\"><input type=\"radio\" name=\"quiz-226\" value=\"Apenas Fornecimento\" checked=\"checked\" \/><span class=\"wpcf7-list-item-label\">Apenas Fornecimento<\/span><\/span><span class=\"wpcf7-list-item last\"><input type=\"radio\" name=\"quiz-226\" value=\"Fornecimento e Coloca\u00e7\u00e3o\" \/><span class=\"wpcf7-list-item-label\">Fornecimento e Coloca\u00e7\u00e3o<\/span><\/span><\/span><\/span>\n\t<\/p>\n<\/div>\n<div class=\"col-sm-7 norightpadding\">\n\t<p><span class=\"wpcf7-form-control-wrap\" data-name=\"your-message\"><textarea cols=\"25\" rows=\"3\" maxlength=\"2000\" class=\"wpcf7-form-control wpcf7-textarea\" aria-invalid=\"false\" placeholder=\"Indique por favor o tipo de vidro, as medidas aproximadas e o andar em que o vidro ser\u00e1 colocado, caso se aplique*\" name=\"your-message\"><\/textarea><\/span>\n\t<\/p>\n\t<p><span id=\"wpcf7-69f40f4bead22-wrapper\" class=\"wpcf7-form-control-wrap honeypot-email-wrap\" style=\"display:none !important; visibility:hidden !important;\"><label for=\"wpcf7-69f40f4bead22-field\" class=\"hp-message\">Please leave this field empty.<\/label><input id=\"wpcf7-69f40f4bead22-field\"  class=\"wpcf7-form-control wpcf7-text\" type=\"text\" name=\"honeypot-email\" value=\"\" size=\"40\" tabindex=\"-1\" autocomplete=\"new-password\" \/><\/span>\n\t<\/p>\n\t<p><input class=\"wpcf7-form-control wpcf7-submit has-spinner\" type=\"submit\" value=\"ENVIAR\" \/>\n\t<\/p>\n<\/div><div class=\"wpcf7-response-output\" aria-hidden=\"true\"><\/div>\n<\/form>\n<\/div>\n[\/vc_column][\/vc_row]<\/p>\n<\/div>","protected":false},"excerpt":{"rendered":"<p>[vc_row css=&#8221;.vc_custom_1604680861125{margin-top: 50px !important;padding-bottom: 20px !important;}&#8221;][vc_column width=&#8221;1\/3&#8243;][vc_empty_space height=&#8221;15px&#8221;][vc_column_text] Rua de Raimundo Dur\u00e3es Magalh\u00e3es, 386 4475-189 \u2013 Maia, PORTUGAL VER NO MAPA &gt; [\/vc_column_text][\/vc_column][vc_column width=&#8221;1\/3&#8243;][vc_empty_space height=&#8221;15px&#8221;][vc_column_text]Tel: 229 481 932 \u00a0| \u00a0912 542 073 (chamada para rede fixa nacional) FAX:\u00a0+351 229 442&#8230;<\/p>\n","protected":false},"author":1,"featured_media":0,"parent":0,"menu_order":0,"comment_status":"open","ping_status":"open","template":"","meta":{"footnotes":""},"class_list":["post-873","page","type-page","status-publish","hentry"],"yoast_head":"<!-- This site is optimized with the Yoast SEO plugin v25.3.1 - https:\/\/yoast.com\/wordpress\/plugins\/seo\/ -->\n<title>Contacte-nos - Envinor<\/title>\n<meta name=\"description\" content=\"Pe\u00e7a j\u00e1 o seu or\u00e7amento online! Atendimento telef\u00f3nico e e-mail. Venha visitar-nos na Zona Industrial da Maia.\" \/>\n<meta name=\"robots\" content=\"index, follow, max-snippet:-1, max-image-preview:large, max-video-preview:-1\" \/>\n<link rel=\"canonical\" href=\"https:\/\/envinor.com\/?page_id=873\" \/>\n<meta property=\"og:locale\" content=\"pt_PT\" \/>\n<meta property=\"og:type\" content=\"article\" \/>\n<meta property=\"og:title\" content=\"Contacte-nos - Envinor\" \/>\n<meta property=\"og:description\" content=\"Pe\u00e7a j\u00e1 o seu or\u00e7amento online! Atendimento telef\u00f3nico e e-mail. Venha visitar-nos na Zona Industrial da Maia.\" \/>\n<meta property=\"og:url\" content=\"https:\/\/envinor.com\/?page_id=873\" \/>\n<meta property=\"og:site_name\" content=\"Envinor\" \/>\n<meta property=\"article:modified_time\" content=\"2025-11-05T15:07:09+00:00\" \/>\n<meta name=\"twitter:card\" content=\"summary_large_image\" \/>\n<meta name=\"twitter:label1\" content=\"Tempo estimado de leitura\" \/>\n\t<meta name=\"twitter:data1\" content=\"1 minuto\" \/>\n<script type=\"application\/ld+json\" class=\"yoast-schema-graph\">{\"@context\":\"https:\/\/schema.org\",\"@graph\":[{\"@type\":\"WebPage\",\"@id\":\"https:\/\/envinor.com\/?page_id=873\",\"url\":\"https:\/\/envinor.com\/?page_id=873\",\"name\":\"Contacte-nos - Envinor\",\"isPartOf\":{\"@id\":\"https:\/\/envinor.com\/#website\"},\"datePublished\":\"2020-10-08T11:16:40+00:00\",\"dateModified\":\"2025-11-05T15:07:09+00:00\",\"description\":\"Pe\u00e7a j\u00e1 o seu or\u00e7amento online! Atendimento telef\u00f3nico e e-mail. Venha visitar-nos na Zona Industrial da Maia.\",\"breadcrumb\":{\"@id\":\"https:\/\/envinor.com\/?page_id=873#breadcrumb\"},\"inLanguage\":\"pt-PT\",\"potentialAction\":[{\"@type\":\"ReadAction\",\"target\":[\"https:\/\/envinor.com\/?page_id=873\"]}]},{\"@type\":\"BreadcrumbList\",\"@id\":\"https:\/\/envinor.com\/?page_id=873#breadcrumb\",\"itemListElement\":[{\"@type\":\"ListItem\",\"position\":1,\"name\":\"In\u00edcio\",\"item\":\"https:\/\/envinor.com\/\"},{\"@type\":\"ListItem\",\"position\":2,\"name\":\"Contacte-nos\"}]},{\"@type\":\"WebSite\",\"@id\":\"https:\/\/envinor.com\/#website\",\"url\":\"https:\/\/envinor.com\/\",\"name\":\"Envinor\",\"description\":\"Empresa de Vidros do Norte\",\"potentialAction\":[{\"@type\":\"SearchAction\",\"target\":{\"@type\":\"EntryPoint\",\"urlTemplate\":\"https:\/\/envinor.com\/?s={search_term_string}\"},\"query-input\":{\"@type\":\"PropertyValueSpecification\",\"valueRequired\":true,\"valueName\":\"search_term_string\"}}],\"inLanguage\":\"pt-PT\"}]}<\/script>\n<!-- \/ Yoast SEO plugin. -->","yoast_head_json":{"title":"Contacte-nos - Envinor","description":"Pe\u00e7a j\u00e1 o seu or\u00e7amento online! Atendimento telef\u00f3nico e e-mail. Venha visitar-nos na Zona Industrial da Maia.","robots":{"index":"index","follow":"follow","max-snippet":"max-snippet:-1","max-image-preview":"max-image-preview:large","max-video-preview":"max-video-preview:-1"},"canonical":"https:\/\/envinor.com\/?page_id=873","og_locale":"pt_PT","og_type":"article","og_title":"Contacte-nos - Envinor","og_description":"Pe\u00e7a j\u00e1 o seu or\u00e7amento online! Atendimento telef\u00f3nico e e-mail. Venha visitar-nos na Zona Industrial da Maia.","og_url":"https:\/\/envinor.com\/?page_id=873","og_site_name":"Envinor","article_modified_time":"2025-11-05T15:07:09+00:00","twitter_card":"summary_large_image","twitter_misc":{"Tempo estimado de leitura":"1 minuto"},"schema":{"@context":"https:\/\/schema.org","@graph":[{"@type":"WebPage","@id":"https:\/\/envinor.com\/?page_id=873","url":"https:\/\/envinor.com\/?page_id=873","name":"Contacte-nos - Envinor","isPartOf":{"@id":"https:\/\/envinor.com\/#website"},"datePublished":"2020-10-08T11:16:40+00:00","dateModified":"2025-11-05T15:07:09+00:00","description":"Pe\u00e7a j\u00e1 o seu or\u00e7amento online! Atendimento telef\u00f3nico e e-mail. Venha visitar-nos na Zona Industrial da Maia.","breadcrumb":{"@id":"https:\/\/envinor.com\/?page_id=873#breadcrumb"},"inLanguage":"pt-PT","potentialAction":[{"@type":"ReadAction","target":["https:\/\/envinor.com\/?page_id=873"]}]},{"@type":"BreadcrumbList","@id":"https:\/\/envinor.com\/?page_id=873#breadcrumb","itemListElement":[{"@type":"ListItem","position":1,"name":"In\u00edcio","item":"https:\/\/envinor.com\/"},{"@type":"ListItem","position":2,"name":"Contacte-nos"}]},{"@type":"WebSite","@id":"https:\/\/envinor.com\/#website","url":"https:\/\/envinor.com\/","name":"Envinor","description":"Empresa de Vidros do Norte","potentialAction":[{"@type":"SearchAction","target":{"@type":"EntryPoint","urlTemplate":"https:\/\/envinor.com\/?s={search_term_string}"},"query-input":{"@type":"PropertyValueSpecification","valueRequired":true,"valueName":"search_term_string"}}],"inLanguage":"pt-PT"}]}},"_links":{"self":[{"href":"https:\/\/envinor.com\/index.php?rest_route=\/wp\/v2\/pages\/873","targetHints":{"allow":["GET"]}}],"collection":[{"href":"https:\/\/envinor.com\/index.php?rest_route=\/wp\/v2\/pages"}],"about":[{"href":"https:\/\/envinor.com\/index.php?rest_route=\/wp\/v2\/types\/page"}],"author":[{"embeddable":true,"href":"https:\/\/envinor.com\/index.php?rest_route=\/wp\/v2\/users\/1"}],"replies":[{"embeddable":true,"href":"https:\/\/envinor.com\/index.php?rest_route=%2Fwp%2Fv2%2Fcomments&post=873"}],"version-history":[{"count":6,"href":"https:\/\/envinor.com\/index.php?rest_route=\/wp\/v2\/pages\/873\/revisions"}],"predecessor-version":[{"id":1753,"href":"https:\/\/envinor.com\/index.php?rest_route=\/wp\/v2\/pages\/873\/revisions\/1753"}],"wp:attachment":[{"href":"https:\/\/envinor.com\/index.php?rest_route=%2Fwp%2Fv2%2Fmedia&parent=873"}],"curies":[{"name":"wp","href":"https:\/\/api.w.org\/{rel}","templated":true}]}}