{"id":1534,"date":"2021-03-02T18:16:06","date_gmt":"2021-03-02T18:16:06","guid":{"rendered":"https:\/\/envinor.com\/?page_id=1534"},"modified":"2022-03-30T16:14:54","modified_gmt":"2022-03-30T16:14:54","slug":"condicoes-gerais-de-venda","status":"publish","type":"page","link":"https:\/\/envinor.com\/?page_id=1534","title":{"rendered":"Condi\u00e7\u00f5es Gerais de Venda"},"content":{"rendered":"<div class=\"wpb-content-wrapper\"><p>[vc_row][vc_column width=&#8221;3\/4&#8243;]<h1 class='heading-middle  style-1' ><span>Condi\u00e7\u00f5es Gerais de Venda<\/span><\/h1>[vc_column_text]<\/p>\n<ol>\n<li><strong>Aceita\u00e7\u00e3o das Condi\u00e7\u00f5es<\/strong>\n<ol>\n<li>O Cliente concorda com as condi\u00e7\u00f5es de venda abaixo descritas, sendo da sua inteira responsabilidade o conhecimento das mesmas.<\/li>\n<\/ol>\n<\/li>\n<li><strong>Encomendas<\/strong>\n<ol>\n<li>Todas as encomendas dever\u00e3o ser efetuadas por escrito.<\/li>\n<li>Os prazos de entrega s\u00e3o determinados segundo as caracter\u00edsticas de cada encomenda e s\u00e3o meramente indicativos.<\/li>\n<\/ol>\n<\/li>\n<li><strong>Anula\u00e7\u00f5es<\/strong>\n<ol>\n<li>Todas as anula\u00e7\u00f5es ou altera\u00e7\u00f5es \u00e0 encomenda dever\u00e3o ser efetuadas por escrito, caso contr\u00e1rio n\u00e3o ser\u00e3o consideradas.<\/li>\n<li>Caso se proceda \u00e0 anula\u00e7\u00e3o da encomenda, o cliente acarreta a obriga\u00e7\u00e3o de suportar os custos relativos \u00e0 mat\u00e9ria-prima e trabalhos realizados at\u00e9 ao momento da anula\u00e7\u00e3o.<\/li>\n<\/ol>\n<\/li>\n<li><strong>Moldes<\/strong>\n<ol>\n<li>Para vidros com geometria irregular, o cliente dever\u00e1 fornecer os moldes em material resistente.<\/li>\n<li>Os moldes dever\u00e3o corresponder \u00e0s medidas exatas dos vidros pretendidos.<\/li>\n<\/ol>\n<\/li>\n<li><strong>Varia\u00e7\u00e3o e Toler\u00e2ncias<\/strong>\n<ol>\n<li>Todos os materiais s\u00e3o produzidos de acordo com as normas de qualidade da Envinor Lda. No entanto, poder\u00e3o existir varia\u00e7\u00f5es e toler\u00e2ncias aceites, tais como a dimens\u00e3o, peso, espessura, planimetria, composi\u00e7\u00e3o, propriedades \u00f3ticas e mec\u00e2nicas, superf\u00edcies e cor.<\/li>\n<\/ol>\n<\/li>\n<li><strong>Transporte e Descarga<\/strong>\n<ol>\n<li>Todos os materiais s\u00e3o transportadas sob responsabilidade do Cliente.<\/li>\n<li>Quando o transporte \u00e9 efetuado em ve\u00edculo da Envinor Lda., as quebras e defeitos resultantes do transporte dever\u00e3o ser reclamados no momento da rece\u00e7\u00e3o do material, verificando sempre a Guia de Transporte.<\/li>\n<li>A descarga ser\u00e1 feita por conta do cliente, que dever\u00e1 disponibilizar os meios t\u00e9cnicos e humanos adequados para que a opera\u00e7\u00e3o seja efetuada em seguran\u00e7a.<\/li>\n<li>Os nossos produtos s\u00e3o fornecidos a granel. Qualquer embalagem solicitada ser\u00e1 refletida no or\u00e7amento e a cargo do Cliente.<\/li>\n<\/ol>\n<\/li>\n<li><strong>Reclama\u00e7\u00f5es<\/strong>\n<ol>\n<li>N\u00e3o ser\u00e3o aceites reclama\u00e7\u00f5es resultantes de uso ou aplica\u00e7\u00e3o indevida do Cliente, em desrespeito \u00e0s normas e instru\u00e7\u00f5es do Fornecedor.<\/li>\n<li>Todas as Reclama\u00e7\u00f5es\/Devolu\u00e7\u00f5es devem ser formalizadas por escrito no prazo m\u00e1ximo de oito dias (8).<\/li>\n<li>No momento da rece\u00e7\u00e3o, qualquer n\u00e3o conformidade dever\u00e1 ser comunicada na Guia de Transporte que acompanha a mercadoria.<\/li>\n<li>Consideram-se defeitos quando estes forem vis\u00edveis a uma dist\u00e2ncia superior a 2,5 metros, sem recurso a qualquer equipamento especial.<\/li>\n<li>Sempre que seja verificado qualquer defeito na mercadoria imputado \u00e0 Envinor Lda., esta responsabiliza-se apenas pela reposi\u00e7\u00e3o do produto no local da encomenda original.<\/li>\n<li>N\u00e3o se aceitam Reclama\u00e7\u00f5es\/Devolu\u00e7\u00f5es pelos servi\u00e7os executados pela Envinor Lda. em vidros do Cliente.<\/li>\n<\/ol>\n<\/li>\n<li><strong>Pagamentos<\/strong>\n<ol>\n<li>Todos os or\u00e7amentos apresentados ser\u00e3o v\u00e1lidos por um per\u00edodo de quinze dias (15), salvo indica\u00e7\u00e3o escrita em contr\u00e1rio.<\/li>\n<li>O pagamento poder\u00e1 ser efetuado por transfer\u00eancia banc\u00e1ria, cheque, dinheiro ou multibanco.<\/li>\n<li>As condi\u00e7\u00f5es e prazos de pagamento ser\u00e3o sempre a pronto, salvo acordo escrito em contr\u00e1rio.<\/li>\n<li>Todos os descontos comerciais ter\u00e3o de estar contratualizados por escrito.<\/li>\n<li>Se o pagamento n\u00e3o for efetuado dentro do prazo estabelecido, a Envinor Lda. reserva-se o direito de proceder \u00e0 cobran\u00e7a de juros \u00e0 taxa legar comercial em vigor \u00e0 data, assim como suspender o fornecimento.<\/li>\n<li>A Envinor Lda. reserva-se o direito de n\u00e3o proceder \u00e0 entrega da mercadoria caso o Cliente n\u00e3o tenha cumprido todas as condi\u00e7\u00f5es de pagamento.<\/li>\n<li>Todos os materiais fornecidos s\u00e3o propriedade da Envinor Lda. at\u00e9 ao pagamento integral do valor dos mesmos.<\/li>\n<\/ol>\n<\/li>\n<li><strong>Fatura\u00e7\u00e3o<\/strong>\n<ol>\n<li>Para efeitos de fatura\u00e7\u00e3o, as \u00e1reas a considerar resultam da multiplica\u00e7\u00e3o largura\/comprimento onde a pe\u00e7a se inscreve.<\/li>\n<li>\u00c1rea m\u00ednima de fatura\u00e7\u00e3o: 0.20 m2.<\/li>\n<\/ol>\n<\/li>\n<li><strong>Agravamento Energ\u00e9tico<\/strong>\n<ol>\n<li>A Envinor reserva-se ao direito de aplicar agravamento energ\u00e9tico ao valor das suas faturas, conforme nos \u00e9 aplicado a n\u00f3s pelos nossos Fornecedores.<\/li>\n<li>Esse agravamento energ\u00e9tico ser\u00e1 comunicado no final de cada m\u00eas, entrando em efeito no m\u00eas seguinte, e seguir\u00e1 o \u00edndice TTF do pre\u00e7o do g\u00e1s natural (dispon\u00edvel em: <a href=\"https:\/\/www.powernext.com\/futures-market-data\">https:\/\/www.powernext.com\/futures-market-data<\/a>)<\/li>\n<li>O valor total dos agravamentos energ\u00e9ticos pode ser consultado nas v\/ Faturas. Em cada linha de produto o valor final j\u00e1 inclui o respetivo agr<\/li>\n<\/ol>\n<\/li>\n<li><strong>Resolu\u00e7\u00e3o de Lit\u00edgio<\/strong>\n<ol>\n<li>Em caso de qualquer lit\u00edgio, o foro competente ser\u00e1 o da comarca da Maia. Para mais informa\u00e7\u00f5es sobre resolu\u00e7\u00e3o de lit\u00edgios clique <a href=\"https:\/\/envinor.com\/ral\/\">aqui<\/a>.<\/li>\n<\/ol>\n<\/li>\n<\/ol>\n<p>[\/vc_column_text][\/vc_column][vc_column width=&#8221;1\/4&#8243;][\/vc_column][\/vc_row]<\/p>\n<\/div>","protected":false},"excerpt":{"rendered":"<p>[vc_row][vc_column width=&#8221;3\/4&#8243;][vc_column_text] Aceita\u00e7\u00e3o das Condi\u00e7\u00f5es O Cliente concorda com as condi\u00e7\u00f5es de venda abaixo descritas, sendo da sua inteira responsabilidade o conhecimento das mesmas. Encomendas Todas as encomendas dever\u00e3o ser efetuadas por escrito. Os prazos de entrega s\u00e3o determinados segundo&#8230;<\/p>\n","protected":false},"author":3,"featured_media":0,"parent":0,"menu_order":0,"comment_status":"closed","ping_status":"open","template":"","meta":{"footnotes":""},"class_list":["post-1534","page","type-page","status-publish","hentry"],"yoast_head":"<!-- This site is optimized with the Yoast SEO plugin v25.3.1 - https:\/\/yoast.com\/wordpress\/plugins\/seo\/ -->\n<title>Condi\u00e7\u00f5es Gerais de Venda - Envinor - Resolu\u00e7\u00e3o Alternativa de Lit\u00edgios de Consumo<\/title>\n<meta name=\"description\" content=\"RAL - A Resolu\u00e7\u00e3o Alternativa de Lit\u00edgios de Consumo abrange a media\u00e7\u00e3o, a concilia\u00e7\u00e3o e a arbitragem.\" \/>\n<meta name=\"robots\" content=\"index, follow, max-snippet:-1, max-image-preview:large, max-video-preview:-1\" \/>\n<link rel=\"canonical\" href=\"https:\/\/envinor.com\/?page_id=1534\" \/>\n<meta property=\"og:locale\" content=\"pt_PT\" \/>\n<meta property=\"og:type\" content=\"article\" \/>\n<meta property=\"og:title\" content=\"Condi\u00e7\u00f5es Gerais de Venda - Envinor - Resolu\u00e7\u00e3o Alternativa de Lit\u00edgios de Consumo\" \/>\n<meta property=\"og:description\" content=\"RAL - A Resolu\u00e7\u00e3o Alternativa de Lit\u00edgios de Consumo abrange a media\u00e7\u00e3o, a concilia\u00e7\u00e3o e a arbitragem.\" \/>\n<meta property=\"og:url\" content=\"https:\/\/envinor.com\/?page_id=1534\" \/>\n<meta property=\"og:site_name\" content=\"Envinor\" \/>\n<meta property=\"article:modified_time\" content=\"2022-03-30T16:14:54+00:00\" \/>\n<meta name=\"twitter:card\" content=\"summary_large_image\" \/>\n<meta name=\"twitter:label1\" content=\"Tempo estimado de leitura\" \/>\n\t<meta name=\"twitter:data1\" content=\"4 minutos\" \/>\n<script type=\"application\/ld+json\" class=\"yoast-schema-graph\">{\"@context\":\"https:\/\/schema.org\",\"@graph\":[{\"@type\":\"WebPage\",\"@id\":\"https:\/\/envinor.com\/?page_id=1534\",\"url\":\"https:\/\/envinor.com\/?page_id=1534\",\"name\":\"Condi\u00e7\u00f5es Gerais de Venda - Envinor - Resolu\u00e7\u00e3o Alternativa de Lit\u00edgios de Consumo\",\"isPartOf\":{\"@id\":\"https:\/\/envinor.com\/#website\"},\"datePublished\":\"2021-03-02T18:16:06+00:00\",\"dateModified\":\"2022-03-30T16:14:54+00:00\",\"description\":\"RAL - A Resolu\u00e7\u00e3o Alternativa de Lit\u00edgios de Consumo abrange a media\u00e7\u00e3o, a concilia\u00e7\u00e3o e a arbitragem.\",\"breadcrumb\":{\"@id\":\"https:\/\/envinor.com\/?page_id=1534#breadcrumb\"},\"inLanguage\":\"pt-PT\",\"potentialAction\":[{\"@type\":\"ReadAction\",\"target\":[\"https:\/\/envinor.com\/?page_id=1534\"]}]},{\"@type\":\"BreadcrumbList\",\"@id\":\"https:\/\/envinor.com\/?page_id=1534#breadcrumb\",\"itemListElement\":[{\"@type\":\"ListItem\",\"position\":1,\"name\":\"In\u00edcio\",\"item\":\"https:\/\/envinor.com\/\"},{\"@type\":\"ListItem\",\"position\":2,\"name\":\"Condi\u00e7\u00f5es Gerais de Venda\"}]},{\"@type\":\"WebSite\",\"@id\":\"https:\/\/envinor.com\/#website\",\"url\":\"https:\/\/envinor.com\/\",\"name\":\"Envinor\",\"description\":\"Empresa de Vidros do Norte\",\"potentialAction\":[{\"@type\":\"SearchAction\",\"target\":{\"@type\":\"EntryPoint\",\"urlTemplate\":\"https:\/\/envinor.com\/?s={search_term_string}\"},\"query-input\":{\"@type\":\"PropertyValueSpecification\",\"valueRequired\":true,\"valueName\":\"search_term_string\"}}],\"inLanguage\":\"pt-PT\"}]}<\/script>\n<!-- \/ Yoast SEO plugin. -->","yoast_head_json":{"title":"Condi\u00e7\u00f5es Gerais de Venda - Envinor - Resolu\u00e7\u00e3o Alternativa de Lit\u00edgios de Consumo","description":"RAL - A Resolu\u00e7\u00e3o Alternativa de Lit\u00edgios de Consumo abrange a media\u00e7\u00e3o, a concilia\u00e7\u00e3o e a arbitragem.","robots":{"index":"index","follow":"follow","max-snippet":"max-snippet:-1","max-image-preview":"max-image-preview:large","max-video-preview":"max-video-preview:-1"},"canonical":"https:\/\/envinor.com\/?page_id=1534","og_locale":"pt_PT","og_type":"article","og_title":"Condi\u00e7\u00f5es Gerais de Venda - Envinor - Resolu\u00e7\u00e3o Alternativa de Lit\u00edgios de Consumo","og_description":"RAL - A Resolu\u00e7\u00e3o Alternativa de Lit\u00edgios de Consumo abrange a media\u00e7\u00e3o, a concilia\u00e7\u00e3o e a arbitragem.","og_url":"https:\/\/envinor.com\/?page_id=1534","og_site_name":"Envinor","article_modified_time":"2022-03-30T16:14:54+00:00","twitter_card":"summary_large_image","twitter_misc":{"Tempo estimado de leitura":"4 minutos"},"schema":{"@context":"https:\/\/schema.org","@graph":[{"@type":"WebPage","@id":"https:\/\/envinor.com\/?page_id=1534","url":"https:\/\/envinor.com\/?page_id=1534","name":"Condi\u00e7\u00f5es Gerais de Venda - Envinor - Resolu\u00e7\u00e3o Alternativa de Lit\u00edgios de Consumo","isPartOf":{"@id":"https:\/\/envinor.com\/#website"},"datePublished":"2021-03-02T18:16:06+00:00","dateModified":"2022-03-30T16:14:54+00:00","description":"RAL - A Resolu\u00e7\u00e3o Alternativa de Lit\u00edgios de Consumo abrange a media\u00e7\u00e3o, a concilia\u00e7\u00e3o e a arbitragem.","breadcrumb":{"@id":"https:\/\/envinor.com\/?page_id=1534#breadcrumb"},"inLanguage":"pt-PT","potentialAction":[{"@type":"ReadAction","target":["https:\/\/envinor.com\/?page_id=1534"]}]},{"@type":"BreadcrumbList","@id":"https:\/\/envinor.com\/?page_id=1534#breadcrumb","itemListElement":[{"@type":"ListItem","position":1,"name":"In\u00edcio","item":"https:\/\/envinor.com\/"},{"@type":"ListItem","position":2,"name":"Condi\u00e7\u00f5es Gerais de Venda"}]},{"@type":"WebSite","@id":"https:\/\/envinor.com\/#website","url":"https:\/\/envinor.com\/","name":"Envinor","description":"Empresa de Vidros do Norte","potentialAction":[{"@type":"SearchAction","target":{"@type":"EntryPoint","urlTemplate":"https:\/\/envinor.com\/?s={search_term_string}"},"query-input":{"@type":"PropertyValueSpecification","valueRequired":true,"valueName":"search_term_string"}}],"inLanguage":"pt-PT"}]}},"_links":{"self":[{"href":"https:\/\/envinor.com\/index.php?rest_route=\/wp\/v2\/pages\/1534","targetHints":{"allow":["GET"]}}],"collection":[{"href":"https:\/\/envinor.com\/index.php?rest_route=\/wp\/v2\/pages"}],"about":[{"href":"https:\/\/envinor.com\/index.php?rest_route=\/wp\/v2\/types\/page"}],"author":[{"embeddable":true,"href":"https:\/\/envinor.com\/index.php?rest_route=\/wp\/v2\/users\/3"}],"replies":[{"embeddable":true,"href":"https:\/\/envinor.com\/index.php?rest_route=%2Fwp%2Fv2%2Fcomments&post=1534"}],"version-history":[{"count":6,"href":"https:\/\/envinor.com\/index.php?rest_route=\/wp\/v2\/pages\/1534\/revisions"}],"predecessor-version":[{"id":1628,"href":"https:\/\/envinor.com\/index.php?rest_route=\/wp\/v2\/pages\/1534\/revisions\/1628"}],"wp:attachment":[{"href":"https:\/\/envinor.com\/index.php?rest_route=%2Fwp%2Fv2%2Fmedia&parent=1534"}],"curies":[{"name":"wp","href":"https:\/\/api.w.org\/{rel}","templated":true}]}}

Condições Gerais de Venda

<div class="wpb-content-wrapper"><p>[vc_row][vc_column width=&#8221;3/4&#8243;]<h1 class='heading-middle  style-1' ><span>Condições Gerais de Venda</span></h1>[vc_column_text]</p>
<ol>
<li><strong>Aceitação das Condições</strong>
<ol>
<li>O Cliente concorda com as condições de venda abaixo descritas, sendo da sua inteira responsabilidade o conhecimento das mesmas.</li>
</ol>
</li>
<li><strong>Encomendas</strong>
<ol>
<li>Todas as encomendas deverão ser efetuadas por escrito.</li>
<li>Os prazos de entrega são determinados segundo as características de cada encomenda e são meramente indicativos.</li>
</ol>
</li>
<li><strong>Anulações</strong>
<ol>
<li>Todas as anulações ou alterações à encomenda deverão ser efetuadas por escrito, caso contrário não serão consideradas.</li>
<li>Caso se proceda à anulação da encomenda, o cliente acarreta a obrigação de suportar os custos relativos à matéria-prima e trabalhos realizados até ao momento da anulação.</li>
</ol>
</li>
<li><strong>Moldes</strong>
<ol>
<li>Para vidros com geometria irregular, o cliente deverá fornecer os moldes em material resistente.</li>
<li>Os moldes deverão corresponder às medidas exatas dos vidros pretendidos.</li>
</ol>
</li>
<li><strong>Variação e Tolerâncias</strong>
<ol>
<li>Todos os materiais são produzidos de acordo com as normas de qualidade da Envinor Lda. No entanto, poderão existir variações e tolerâncias aceites, tais como a dimensão, peso, espessura, planimetria, composição, propriedades óticas e mecânicas, superfícies e cor.</li>
</ol>
</li>
<li><strong>Transporte e Descarga</strong>
<ol>
<li>Todos os materiais são transportadas sob responsabilidade do Cliente.</li>
<li>Quando o transporte é efetuado em veículo da Envinor Lda., as quebras e defeitos resultantes do transporte deverão ser reclamados no momento da receção do material, verificando sempre a Guia de Transporte.</li>
<li>A descarga será feita por conta do cliente, que deverá disponibilizar os meios técnicos e humanos adequados para que a operação seja efetuada em segurança.</li>
<li>Os nossos produtos são fornecidos a granel. Qualquer embalagem solicitada será refletida no orçamento e a cargo do Cliente.</li>
</ol>
</li>
<li><strong>Reclamações</strong>
<ol>
<li>Não serão aceites reclamações resultantes de uso ou aplicação indevida do Cliente, em desrespeito às normas e instruções do Fornecedor.</li>
<li>Todas as Reclamações/Devoluções devem ser formalizadas por escrito no prazo máximo de oito dias (8).</li>
<li>No momento da receção, qualquer não conformidade deverá ser comunicada na Guia de Transporte que acompanha a mercadoria.</li>
<li>Consideram-se defeitos quando estes forem visíveis a uma distância superior a 2,5 metros, sem recurso a qualquer equipamento especial.</li>
<li>Sempre que seja verificado qualquer defeito na mercadoria imputado à Envinor Lda., esta responsabiliza-se apenas pela reposição do produto no local da encomenda original.</li>
<li>Não se aceitam Reclamações/Devoluções pelos serviços executados pela Envinor Lda. em vidros do Cliente.</li>
</ol>
</li>
<li><strong>Pagamentos</strong>
<ol>
<li>Todos os orçamentos apresentados serão válidos por um período de quinze dias (15), salvo indicação escrita em contrário.</li>
<li>O pagamento poderá ser efetuado por transferência bancária, cheque, dinheiro ou multibanco.</li>
<li>As condições e prazos de pagamento serão sempre a pronto, salvo acordo escrito em contrário.</li>
<li>Todos os descontos comerciais terão de estar contratualizados por escrito.</li>
<li>Se o pagamento não for efetuado dentro do prazo estabelecido, a Envinor Lda. reserva-se o direito de proceder à cobrança de juros à taxa legar comercial em vigor à data, assim como suspender o fornecimento.</li>
<li>A Envinor Lda. reserva-se o direito de não proceder à entrega da mercadoria caso o Cliente não tenha cumprido todas as condições de pagamento.</li>
<li>Todos os materiais fornecidos são propriedade da Envinor Lda. até ao pagamento integral do valor dos mesmos.</li>
</ol>
</li>
<li><strong>Faturação</strong>
<ol>
<li>Para efeitos de faturação, as áreas a considerar resultam da multiplicação largura/comprimento onde a peça se inscreve.</li>
<li>Área mínima de faturação: 0.20 m2.</li>
</ol>
</li>
<li><strong>Agravamento Energético</strong>
<ol>
<li>A Envinor reserva-se ao direito de aplicar agravamento energético ao valor das suas faturas, conforme nos é aplicado a nós pelos nossos Fornecedores.</li>
<li>Esse agravamento energético será comunicado no final de cada mês, entrando em efeito no mês seguinte, e seguirá o índice TTF do preço do gás natural (disponível em: <a href="https://www.powernext.com/futures-market-data">https://www.powernext.com/futures-market-data</a>)</li>
<li>O valor total dos agravamentos energéticos pode ser consultado nas v/ Faturas. Em cada linha de produto o valor final já inclui o respetivo agr</li>
</ol>
</li>
<li><strong>Resolução de Litígio</strong>
<ol>
<li>Em caso de qualquer litígio, o foro competente será o da comarca da Maia. Para mais informações sobre resolução de litígios clique <a href="https://envinor.com/ral/">aqui</a>.</li>
</ol>
</li>
</ol>
<p>[/vc_column_text][/vc_column][vc_column width=&#8221;1/4&#8243;][/vc_column][/vc_row]</p>
</div>

<p>[vc_row][vc_column width=&#8221;3/4&#8243;][vc_column_text] Aceitação das Condições O Cliente concorda com as condições de venda abaixo descritas, sendo da sua inteira responsabilidade o conhecimento das mesmas. Encomendas Todas as encomendas deverão ser efetuadas por escrito. Os prazos de entrega são determinados segundo&#8230;</p>

<!-- This site is optimized with the Yoast SEO plugin v25.3.1 - https://yoast.com/wordpress/plugins/seo/ -->
<title>Condições Gerais de Venda - Envinor - Resolução Alternativa de Litígios de Consumo</title>
<meta name="description" content="RAL - A Resolução Alternativa de Litígios de Consumo abrange a mediação, a conciliação e a arbitragem." />
<meta name="robots" content="index, follow, max-snippet:-1, max-image-preview:large, max-video-preview:-1" />
<link rel="canonical" href="https://envinor.com/?page_id=1534" />
<meta property="og:locale" content="pt_PT" />
<meta property="og:type" content="article" />
<meta property="og:title" content="Condições Gerais de Venda - Envinor - Resolução Alternativa de Litígios de Consumo" />
<meta property="og:description" content="RAL - A Resolução Alternativa de Litígios de Consumo abrange a mediação, a conciliação e a arbitragem." />
<meta property="og:url" content="https://envinor.com/?page_id=1534" />
<meta property="og:site_name" content="Envinor" />
<meta property="article:modified_time" content="2022-03-30T16:14:54+00:00" />
<meta name="twitter:card" content="summary_large_image" />
<meta name="twitter:label1" content="Tempo estimado de leitura" />
	<meta name="twitter:data1" content="4 minutos" />
<script type="application/ld+json" class="yoast-schema-graph">{"@context":"https://schema.org","@graph":[{"@type":"WebPage","@id":"https://envinor.com/?page_id=1534","url":"https://envinor.com/?page_id=1534","name":"Condições Gerais de Venda - Envinor - Resolução Alternativa de Litígios de Consumo","isPartOf":{"@id":"https://envinor.com/#website"},"datePublished":"2021-03-02T18:16:06+00:00","dateModified":"2022-03-30T16:14:54+00:00","description":"RAL - A Resolução Alternativa de Litígios de Consumo abrange a mediação, a conciliação e a arbitragem.","breadcrumb":{"@id":"https://envinor.com/?page_id=1534#breadcrumb"},"inLanguage":"pt-PT","potentialAction":[{"@type":"ReadAction","target":["https://envinor.com/?page_id=1534"]}]},{"@type":"BreadcrumbList","@id":"https://envinor.com/?page_id=1534#breadcrumb","itemListElement":[{"@type":"ListItem","position":1,"name":"Início","item":"https://envinor.com/"},{"@type":"ListItem","position":2,"name":"Condições Gerais de Venda"}]},{"@type":"WebSite","@id":"https://envinor.com/#website","url":"https://envinor.com/","name":"Envinor","description":"Empresa de Vidros do Norte","potentialAction":[{"@type":"SearchAction","target":{"@type":"EntryPoint","urlTemplate":"https://envinor.com/?s={search_term_string}"},"query-input":{"@type":"PropertyValueSpecification","valueRequired":true,"valueName":"search_term_string"}}],"inLanguage":"pt-PT"}]}</script>
<!-- / Yoast SEO plugin. -->

Condições Gerais de Venda - Envinor - Resolução Alternativa de Litígios de Consumo

RAL - A Resolução Alternativa de Litígios de Consumo abrange a mediação, a conciliação e a arbitragem.

Início
